3)
28
Evaluate -3 + 54 + 15 + (1 - 2) + -182 + 165.
48
Evaluate 4 - 3 - (1 + (73 - 39)).
-34
(154 - 69) + -22 + -11
52
Calculate (11 - 28) + 1 + 58 + 28 + -11.
59
Evaluate -529 + 536 + (6 - (4 + -3)) + 40.
52
What is the value of (-15 - (50 - 26)) + -32?
-71
Calculate -1950 + 1954 - (-16 - (-2 + -2)).
16
What is 18 - ((-3 - 23) + 21 - -14 - 87)?
96
What is 9 - (64 - 61 - -63)?
-57
What is the value of 0 + 52 + 12246 + -12283?
15
What is 2 + (87 - 54) - 19?
16
What is the value of -1 + 11 + 15 + (-3 - 9) + -4 + -1?
8
15 + (60 - (-10 - -31 - 32))
86
What is the value of 46 - (-87 + 226) - -18?
-75
-202 + 225 + -5 + 22
40
-2 + 11 + 75 - (-64 + 85) - 2
61
Calculate 2 - ((0 - -27) + -5 - (27 + -39)).
-32
What is the value of 46 + (-39 - (-11 + 0)) + 48?
66
Calculate (6 - (7 + 96 + 0) - (2 - 10)) + 9.
-80
-77 - (27 + -10 + -66)
-28
What is the value of -1 - (-96 - (80 + -222))?
-47
-149 + 156 - ((-1 + -19 - 4) + -2)
33
Calculate (-46 - -97) + -52 - -24.
23
What is the value of (79 + -1 - -5) + (-56 - -54 - (0 - -5))?
76
What is the value of 118 + -1 + (1352 - 1415)?
54
-105 - ((6 - -104) + -183)
-32
Calculate 69 - (24 + -24 + 40 - 13).
42
-38 + 90 + -22 - 26 - (0 + 34)
-30
(-1 - 3) + (-21 - -90 - 82) + (-2 - -59)
40
31 - -79 - (707 - 677)
80
Calculate (-15 - (14 + -13)) + -2 + (93 - 5).
70
What is 21 + (-28 - (-3 - -3) - -16) + 70?
79
Calculate 52 + -24 + (15 - 32).
11
Evaluate 17 + -7 + (-2 - -4) + (-28 - -56).
40
What is the value of 501 - 418 - (-5 + 76)?
12
What is the value of 27 + 28 + -39 - (8 + 5 + 0)?
3
What is -14 + (15 - -7) + 7?
15
Evaluate -16 - (-3 + (6 - -2) - -4).
-25
Calculate 0 + -22 + (44 - 21) + -24.
-23
Calculate (-12 - (17 + (-27 - -17))) + 22.
3
What is 1 + -9 + (-11 - -9) + 16 + 12?
18
Evaluate (7 - (44 + (-23 - -5))) + 64.
45
What is the value of -35 - (1 + -3 + (19 + -12 - (0 + 13)))?
-27
14162 + -14144 + -1 + -55
-38
120 - 126 - (-2 + 0 + 1 + (-12 - -13))
-6
What is the value of -68 - (-132 - (-7 + -72))?
-15
Calculate -27 - (39 + -33) - -13.
-20
What is the value of 74 + (7 - (20 - -72))?
-11
Evaluate -29515 + 29474 + (0 - 0 - 33).
-74
6 + (-46 - (-20 - -43 - 53))
-10
What is the value of 24 + -10 + 20 + -72 + (2 - 3)?
-39
What is 106 - (39 + 7 + (-24 - -7))?
77
Calculate (-6 - -2 - (23 - (-20 - -27))) + -62.
-82
-15 + 21 - (-1 + 4 + 41 + (-7 - -17))
-48
What is (-11 - -1 - -5) + 99 - (-347 - -354)?
87
Evaluate 32 - ((10 - 30) + 10) - -31.
73
What is the value of (-3 - (-2 - -7)) + (11 - -25) + -13 - -69?
84
What is (42 - (99 + -65)) + (0 - (2 + 49))?
-43
Evaluate -28 + (151 - 80) - (11 + 5).
27
What is the value of 6 + -4 + -3 + (27 - 9) + -7?
10
Calculate 0 - -6 - (135 - 1 - 164).
36
Calculate -14 + 35 + -66 + (-27 - -9).
-63
Evaluate -74 + (2 + (-12 - -1) - (17 + -36)).
-64
Calculate -21 + -1 + (-162 - -173).
-11
Evaluate (-2 - 2) + (-4 - -75 - 79).
-12
Evaluate 6 - 9 - (-18 - (2 - 16)).
1
What is the value of (5 - -3) + (76 - (3 + (4 - (-6 + 10))))?
81
11 - ((-1 - (-13 + 4)) + (0 - -6))
-3
36 - (-10 + -1 - (-3 + (26 - 26)))
44
What is the value of 6 + (-45 - (2 + 1) - -5) + (-16 - -6)?
-47
What is the value of -7 + 53 - ((-7 - (-4 - -6)) + 18 - 7)?
44
Evaluate 138 + -88 + (-11 - -13).
52
4 - 4 - (13 + (-39 - -46))
-20
Evaluate -807 + 780 + (-16 - -1).
-42
Evaluate -99 + -28 - -74 - (-1 + (0 - 0 - -2)).
-54
Calculate -21 + -7 + (-1 + (-32 - -14) - -19).
-28
Evaluate (2 - 80) + -20 + (-19 + -7 - -56).
-68
What is (4 + -27 + -3 - -4) + -30 + 32?
-20
What is -6 + 4 + -13 + (-6 - (-20 + 8))?
-9
Evaluate 0 + 15 + 596 + -598 + (-2 - (0 + -5)).
16
Calculate -10 + 11 + (7 - 17) + 7 + 2 + 28.
28
28 + (27 - 31) + 0 + -96
-72
What is the value of (-118 - (-62 - 66)) + (2 - (-19 + -2))?
33
(-12 + 17 + -11 - 4) + -3 - 17
-30
What is the value of (8 + (2 + -24 - -9) + -7 - -11) + -117?
-118
What is -33 - -1 - (-80 + -239 - -190)?
97
Calculate 1 - -47 - (-279 - -261 - (-1 - 25)).
40
Calculate -2 + -39 - ((-155 - 29) + 115).
28
Calculate 26 + -6 + (6 - (-4 - (-147 - 5))).
-122
What is 11 + -37 + 147 - 66?
55
Evaluate -21 + (-24 - -32) - (7 + 1 - 33).
12
Evaluate 34 - (-15 - -49) - (2 - (-68 - -2)).
-68
Evaluate 6 - (5 - 84) - (3 + (-8 - -18) - -2).
70
What is 4413 + -4411 - (-4 - (-2 - 13))?
-9
90 - (-18 + 7 - (-6 + -16))
79
Evaluate -1 + 6 - (-10 + 0 + -5 + 21 + -39).
38
What is the value of -103 + 95 - (2 - 9) - -10 - (-2 - -127)?
-116
Evaluate -58 - (-1 - -1) - (-42 + (37 - -29 - 22)).
-60
What is the value of 10 + (-18 - 3) - 26 - -19?
-18
What is the value of (-4 - -4) + -10 - (-76 - -41 - -92)?
-67
What is the value of -6891 + 6787 + -2 + 1 + 8 - (-7 - 0)?
-90
What is the value of 3 + 0 - -104 - (-2805 + 2795)?
117
-12 + (15 - (15 + -2 + (-4 - -3)))
-9
Evaluate (12 - 1) + -47 + -14 + -3 - (5 + -1).
-57
Evaluate (-11523 - -11526) + (15 - (1 - (2 - 4) - 1)).
16
(5 - 11) + (-7 - -12) + (-29 - 5)
-35
What is the value of -9 + 15 - (6 + 3 - 2) - -7 - 22?
-16
Calculate 2 - (8 - -1 - 3 - (46 - 30)) - -9.
21
What is 54 - (10 + (-12 - -3 - -11) + -10)?
52
What is (-3178 - -3140) + (0 - -2 - (3 + 6 + -4))?
-41
What is (-3 + -1 - (-15 + 6 + 4) - -7) + 0?
8
What is 1 + -57 - (-7 + 6 + 19 + -3)?
-71
Evaluate 10 + 28 + (-9 + -2 - -24 - 30).
21
What is (-15 - -1) + 20 + 11 + 5 + 0 + 11?
33
What is the value of 47 + -44 + 42 - 68?
-23
What is the value of -25 - -8 - -10 - (-11 - (12 - 15))?
1
-1410 - -1379 - (-8 - (4 + 0 + -2 - 1))
-22
Evaluate (-6 - -24 - -3) + (-2 - ((-5 - -3) + 3)).
18
What is the value of -47 + 31 + -6 + -24 + -66?
-112
What is 81 + -2 + 1 + (-62 - -38 - -2 - -25)?
83
Calculate 175 + (22 - (66 + -16)).
147
Evaluate -19 + (-23 - (-11 - 1) - -51).
21
Evaluate (-46 + 54 - (24 + -6 - -3)) + 76.
63
What is -202 - -242 - (22 + -5 - 6)?
29
Calculate -16 + (37 - 14) - (39 + 7).
-39
Evaluate 83 + -22 - 106 - -21.
-24
Calculate (-20 - 31) + 67 - -12.
28
What is (2 + 3 - -6) + 49 + -24 + -125 + 7?
-82
Calculate -81 + -95 + 70 + 63.
-43
What is the value of -255 - -199 - (2 - 97)?
39
What is the value of 22 + -17 + -23 + -15 + -25?
-58
(26 - 4 - 11) + (-13 - -19)
17
Calculate -3403 - -3444 - (0 - (-102 + 1)).
-60
What is -2 - 3 - -3 - (-9 - -17 - 1)?
-9
Evaluate (-30 - -24) + -41 + (-18 - -16).
-49
0 - 5 - (-3 - -2) - (72 - (-16 + 105))
13
What is the value of -2 + 2 - (-9 + 9) - ((-13 - -11) + 52)?
-50
What is the value of -35 + 43 - 82 - -114?
40
Calculate -19 + (-3 + -8 - (-34 + 10)) - 9.
-15
(-6 - -28) + (-10 + 6 - 11) + 7 - 126
-112
Evaluate -4 - (3 + -1) - (-77 - (-71 + 12)).
12
Calculate -6 + -9 + (-60 - (-79 - -39)).
-35
What is 16 + 8 + 6 + (1 - 13) + -54 + 59?
23
What is 9 + (-78 - -69) - (-2 - 27)?
29
What is the value of 20 + -10 + -13 + 4 + (-4 - 4 - 2)?
-9
Calculate (123 - 5) + 5 - 111.
12
What is -12 + -9 + (-80 - -43 - (17 + -1 - 6))?
-68
What is the value of (11 - (1 + -3)) + (-19 - 15) + -57?
-78
What is 324 + -81 + -137 + -236?
-130
Calculate (45 - 2) + (1253 - 1283).
13
(0 + -2 - -43) + -13 + (239 - 226)
41
Calculate 120 + 15 + -24 + -133.
-22
67 + 6 + (92 - 105) + 0 + 2
62
What is 7 + 163 - (-252 - -371)?
51
What is the value of (-56 - -2) + (-357 - -343) + (14 - -1)?
-53
Evaluate -16 + (-1 - (-45 + -2)).
30
Calculate -103 + (6 - (-17 + 0 + -2)).
-78
What is the value of -2 + -67 - (-3 + 8 - -5 - (-33 - -54))?
-58
Evaluate (18 + (10 - 3) - 10) + -24.
-9
Calculate (6 - 2 - (1 - -2)) + (38 - 21) + 10.
28
(9 - 34) + (39 - 20) + (4 - 2) + -67
-71
What is -26 + -1 + 19 + (37 - (0 + 5 + -8))?
32
Calculate 21 - (46 + 0 + -12) - 12.
-25
What is 2 + -7 + (-8 - -2) + -768 + 715?
-64
-3 + (-14 - (-2 + -8) - -2) + (28 - -10)
33
-4 + -30 + 20 + (2 - 4)
-16
5 + 1 + 203 + -248
-39
What is the value of -106 + (236 - -2) - 109?
23
Evaluate (-30 + 14 - 13) + 15 - (-1 - -46).
-59
Evaluate 2178 + -2158 - (48 - 1).
-27
What is the value of -34 + 50 + (100 - 48)?
68
19 + (58 + -27 - 14)
36
Evaluate (0 - 8) + -13 + 1 + 269 + -242 + 38.
45
Evaluate (-41 - -6) + 41 + 45.
51
What is -22 + 17 + 11 + 18 + -14?
10
What is the value of (40 - (-33 + 95)) + 32?
10
(3 + 17 - (61 - 54)) + -13
0
Calculate (-174 - 9) + (22 + 32 - 11).
-140
-9 - (-17 + (30 - 8 - 4) - 65)
55
Evaluate 12 - (1 + 4 + -6 + (-5 - 3) + 9).
12
What is (88 + 32 - 84) + 27?
63
Evaluate 80 + (-19 - 67 - 63).
-69
What is (-31 + 60 - -85) + -30 + -8 + 0 + 2?
78
What is (-40 +